 5*p, -p = -5*n + 125. Suppose -2*f - 5*u = -16, -2*f - f + 3*u = -n. Let t = 42 + -2. What is the greatest common divisor of f and t?
8
Let v = 49 + -255. Let z = v + 296. Let p = -40 + 76. Calculate the greatest common factor of z and p.
18
Suppose -i + 120 = 2*i. Suppose 12*r + 702 = 942. Calculate the greatest common factor of i and r.
20
Suppose 2344 + 14861 = 31*b. Calculate the highest common divisor of b and 15.
15
Suppose -2*v - 5*y = -187, 3*v = -3*y + 6*y + 228. Let u be 2/(-4) + 327/6. Calculate the highest common divisor of u and v.
27
Let c = 100 + -97. Let h be (4/(-6))/((-2)/18). Calculate the highest common factor of h and c.
3
Suppose -i + 191 = -5*s, -4*i + 58 = -2*s + i. Let n = -36 - s. Calculate the highest common factor of 21 and n.
3
Let n be 2/((-5)/(-3) - 1). Let i(u) = -u - 1. Let a be i(-13). Calculate the highest common divisor of a and n.
3
Suppose -m - 3*y = -255, -4*m - 119 + 1131 = 4*y. Suppose 4*r + 3*f = 75, 93 = -r + 6*r + 4*f. What is the greatest common factor of m and r?
21
Let y be ((-2)/5)/(14/(-140)). Let g = -3 - -2. Let n = g - -13. What is the highest common factor of y and n?
4
Suppose -53*j + 1804 = 29*j. Let d be (-4)/14 + (-4)/(-14). Suppose d = 4*y - 22 - 22. Calculate the greatest common factor of y and j.
11
Suppose 0 = o + 4*v - 18, 25 + 5 = 2*o + 2*v. Suppose 22 = -3*t - 5*l, -2*l - 41 = 5*t + 2*l. Let q = o + t. What is the highest common divisor of q and 45?
5
Suppose -5*y = -8*y + 45. Let n be (3/2)/(y/(-40)). Let q be n/6 + 1100/12. Calculate the greatest common divisor of q and 13.
13
Let d(p) be the first derivative of -5*p - 1/2*p**2 + 4. Let k be d(-7). Calculate the highest common divisor of 3 and k.
1
Suppose 4*w = -0*w - 4*g + 68, -w + g + 7 = 0. Let q be 81 + -1 - 32/(-8). Calculate the highest common factor of w and q.
12
Let r be (-12)/5*24940/(-129). What is the greatest common factor of r and 348?
116
Suppose -5*g + 114 = 11*s - 10*s, 0 = -4*s + 5*g + 481. What is the greatest common factor of s and 17?
17
Let t(q) = 5*q - 7. Let c(y) = y. Let m(d) = -6*c(d) + t(d). Let b be m(-9). Calculate the highest common factor of b and 2.
2
Let f(z) = -z**3 - 1. Let h(d) = 4*d**3 + 10*d**2 - 5*d + 7. Let p(a) = -3*f(a) - h(a). Let w be p(-11). What is the highest common factor of 155 and w?
31
Suppose 0 = 3*i - 6*i + 27. Suppose 2*t = -i - 27. Let m be (120/16)/((-3)/t). Calculate the greatest common factor of m and 5.
5
Suppose 6*p + 3*v = 2*p + 48, p - 5*v + 11 = 0. What is the greatest common divisor of p and 9?
9
Suppose 0 = 6*j - j. Suppose j*w = w. Let n = 10 + w. What is the highest common factor of 20 and n?
10
Let x(u) = -u**2 + 18*u - 64. Let f be x(7). What is the highest common factor of 260 and f?
13
Let a(q) = q**2 + 3*q + 1. Let n be a(0). Let z = -7 - -13. Calculate the highest common factor of z and n.
1
Let z(x) = -x**3 + x**2 + 3*x - 2. Let y be z(2). Let g be -1 + y + 3 + -2. Suppose 0 = -3*o - g*o + 3. Calculate the greatest common factor of o and 9.
1
Let c(i) = 3*i**2 - i + 4. Let r be c(4). Suppose 4*p = -4*j - p + r, j = 2*p - 1. Suppose -j = 6*y - 79. Calculate the highest common factor of y and 8.
4
Let z be 1731/7 - (-6 + (-220)/(-35)). What is the greatest common divisor of 19 and z?
19
Suppose -i - 2*l = -697, 2*i + 746 - 2105 = 3*l. Suppose -4*m - 102 = 4*o - 754, 4*o = 3*m + i. What is the highest common divisor of 42 and o?
42
Let n be (-3)/(((-6)/(-2))/(-3)). Let d = n - -49. Let f be (-4)/(-2)*1 - -11. Calculate the greatest common divisor of f and d.
13
Let d be -2 - (2/(-8) + (-25)/(-20)). Let u be (4/(-5))/((-1)/20) + d. Calculate the highest common divisor of 104 and u.
13
Let w(s) = 5*s**3 - 10*s**2 - 2 - 9*s + 2*s**2 - 4*s**3. Let x be w(9). Let k be 6*x/(-4 + 0). What is the greatest common factor of k and 9?
3
Let s = -6 - -14. Suppose 0 = 4*t - s*t - 320. Let a be (9/4)/((-15)/t). Calculate the highest common factor of a and 108.
12
Let y be 9/((-45)/10)*(-684)/8. What is the highest common factor of 399 and y?
57
Let p be (-4)/(-5 - -3) + -38. Let w = p - -66. Let z be (6/((-96)/40))/(5/(-12)). Calculate the greatest common factor of w and z.
6
Suppose 0 = -5*u - b + 165, -2*u + b + 9 = -57. What is the highest common factor of 11 and u?
11
Let a = 20 + -36. Let z = a - -28. What is the highest common divisor of z and 36?
12
Let h = -90 + 170. Calculate the highest common factor of h and 64.
16
Let r = 318 + -313. What is the greatest common factor of 115 and r?
5
Suppose 0 = -2*u - 5 + 11. Suppose m - 4*g + 23 = 4*m, u*m - 30 = 3*g. Calculate the highest common divisor of 36 and m.
9
Suppose -17 = 2*z - 7. Let t = 15 - z. Calculate the greatest common factor of 160 and t.
20
Suppose 20*j - 2*p + 370 = 22*j, -5*p = 3*j - 551. Calculate the highest common divisor of j and 33.
11
Suppose 0 = -15*j + 773 + 547. Calculate the highest common divisor of j and 330.
22
Let t = -17 - -27. Let m(r) = r**2 + 3*r - 12. Let x be m(-9). Let n = 52 - x. Calculate the highest common divisor of n and t.
10
Let v = 1 - -65. Let f = v - 46. Calculate the highest common divisor of 160 and f.
20
Suppose 5*a - 5*p = 333 - 118, 2*a = 5*p + 98. What is the highest common divisor of 15 and a?
3
Let z be (-327)/(-2) - (-1)/(-2). Let r = 165 - z. What is the greatest common divisor of r and 18?
2
Let d = 2298 - 1215. Suppose 0 = -6*s - 327 + d. Calculate the highest common factor of s and 18.
18
Let d(p) = -p**2 - 4*p - 1. Let o be 31 - (-1)/(-3)*3. Suppose -2*i = 3*j + 16, -5*i = -5 + o. Let t be d(j). What is the greatest common divisor of t and 2?
1
Let v(o) = o**2 - 5*o. Let d be (-112)/(-32) - (-2)/(-4). Let l be ((-7)/3)/(d/(-9)). Let x be v(l). What is the greatest common factor of 70 and x?
14
Suppose r + 8 = c, 0*r - 3*c + 12 = r. Let y be (45/(-12))/(r/108). What is the greatest common divisor of 15 and y?
15
Suppose 12*a - 519 - 141 = 0. Calculate the highest common factor of 880 and a.
55
Let p = 2974 - 2110. Calculate the highest common divisor of p and 27.
27
Let g(r) = 3*r**2 - 7*r - 5. Let i be g(-12). What is the highest common divisor of 73 and i?
73
Let k(j) = -j**3 + 13*j**2 - 8*j + 8. Let p be (-5)/(60/(-9))*4. Suppose 0 = p*g + 2*g - 55. Let f be k(g). What is the greatest common factor of f and 18?
18
Suppose 16*o - 3663 = 1297. What is the greatest common divisor of o and 62?
62
Suppose 4*d + 140 - 1620 = p, 0 = 3*d + 2*p - 1121. Calculate the highest common factor of 53 and d.
53
Suppose 0 = k - i - 29, 0*k + 65 = 2*k + 5*i. Suppose 6*d = 11*d - k. Suppose d*u = 11*u - 120. What is the greatest common factor of u and 8?
8
Suppose -15*p + 1593 = -6*p. Calculate the highest common divisor of 236 and p.
59
Let w be ((-28)/(-10))/(2/10). Let x(t) be the second derivative of 33*t**3/2 - t**2/2 - 10*t. Let h be x(1). Calculate the greatest common factor of w and h.
14
Suppose 740 = 4*k + 5*f - 278, -5*k = -5*f - 1250. What is the highest common factor of 182 and k?
14
Let o = 124 - 119. Let d(u) = -5*u. Let f = 1 + -5. Let w be d(f). Calculate the greatest common factor of o and w.
5
Let u(i) = -7*i + 187. Let t be u(-11). What is the highest common divisor of t and 312?
24
Suppose 667 - 612 = 5*j. Suppose -4*z - 3*q = -574, -q + 560 = 4*z - 5*q. Let v = z - 21. What is the greatest common divisor of v and j?
11
Let j(r) = r**2 + 2*r + 2. Let y be j(-2). Suppose y*x + t = 3, 4*t + 5 = 1. Suppose -x*v + 3*v = 8. What is the highest common factor of v and 72?
8
Let g be ((-5)/(-1))/((-162)/24 - -7). Calculate the greatest common factor of 15 and g.
5
Let c = -28 + 40. Suppose 5 - 53 = -u. What is the highest common factor of c and u?
12
Let n = -5 + 9. Let v be (-2 + 0)/((-2)/(-3)). Let g be v/(-4) + 250/8. Calculate the highest common factor of g and n.
4
Suppose 2*q + t = -q + 154, -4*t - 234 = -5*q. Let y = q - 36. Calculate the highest common divisor of 2 and y.
2
Suppose -4*o + 59 - 15 = 0. Let b = 846 - 791. Calculate the greatest common divisor of o and b.
11
Let d(n) = -14*n. Let i be d(-2). Suppose -5*r - i = -3*r. Let z be r/(-6)*(-84)/(-4). Calculate the greatest common factor of z and 7.
7
Let c be 4/(-14) + 1153/(-7). Let d be c/10*(-40)/3. What is the highest common divisor of 20 and d?
20
Suppose -2*d + 13 = -d. Suppose d = -5*y +